6?
2, 409, 1153
List the prime factors of 326138.
2, 179, 911
List the prime factors of 4377365.
5, 41, 131, 163
List the prime factors of 18021303.
3, 227, 8821
List the prime factors of 17923208.
2, 31, 72271
What are the prime factors of 2632658?
2, 7, 47, 4001
List the prime factors of 1621402.
2, 89, 9109
What are the prime factors of 7515221?
7, 1073603
What are the prime factors of 267735?
3, 5, 13, 1373
List the prime factors of 2956938.
2, 3, 43, 73, 157
List the prime factors of 6271062.
2, 3, 7, 17, 8783
What are the prime factors of 3037811?
7, 37, 317
What are the prime factors of 29918761?
71, 83, 5077
List the prime factors of 439393.
89, 4937
List the prime factors of 12959303.
7, 1851329
List the prime factors of 1778902.
2, 179, 4969
What are the prime factors of 236234?
2, 29, 4073
List the prime factors of 718712.
2, 89839
What are the prime factors of 425879?
425879
What are the prime factors of 5165492?
2, 19, 67967
What are the prime factors of 354498?
2, 3, 59083
What are the prime factors of 1764416?
2, 19, 1451
List the prime factors of 23408.
2, 7, 11, 19
What are the prime factors of 107121?
3, 7, 5101
List the prime factors of 816096.
2, 3, 8501
What are the prime factors of 4627920?
2, 3, 5, 11, 1753
List the prime factors of 744222.
2, 3, 71, 1747
List the prime factors of 23716693.
7, 11, 13, 19, 29, 43
List the prime factors of 283838.
2, 139, 1021
List the prime factors of 550736.
2, 34421
List the prime factors of 16482515.
5, 7, 487, 967
List the prime factors of 4783169.
4783169
List the prime factors of 695916.
2, 3, 13, 1487
List the prime factors of 265434.
2, 3, 13, 41, 83
What are the prime factors of 6007078?
2, 7, 11, 19, 2053
What are the prime factors of 558468?
2, 3, 5171
What are the prime factors of 145756?
2, 13, 2803
List the prime factors of 1731734.
2, 865867
List the prime factors of 1321381.
37, 71, 503
What are the prime factors of 2886253?
2886253
List the prime factors of 155613.
3, 51871
List the prime factors of 1076132.
2, 29, 9277
List the prime factors of 12501.
3, 463
List the prime factors of 4191532.
2, 1047883
What are the prime factors of 161811?
3, 13, 461
What are the prime factors of 916963?
17, 53939
What are the prime factors of 115935?
3, 5, 59, 131
List the prime factors of 29133.
3, 13, 83
List the prime factors of 8684778.
2, 3, 331, 4373
What are the prime factors of 11140901?
23, 29, 16703
What are the prime factors of 60301?
47, 1283
What are the prime factors of 930099?
3, 389, 797
List the prime factors of 2301147.
3, 19, 13457
What are the prime factors of 9294792?
2, 3, 13, 31
List the prime factors of 3664833.
3, 67, 18233
List the prime factors of 7858803.
3, 257, 10193
List the prime factors of 31310.
2, 5, 31, 101
List the prime factors of 2652553.
2652553
List the prime factors of 4071162.
2, 3, 229, 2963
List the prime factors of 7330581.
3, 97, 311
What are the prime factors of 44895121?
44895121
What are the prime factors of 86320?
2, 5, 13, 83
What are the prime factors of 4925727?
3, 263, 2081
What are the prime factors of 389503?
263, 1481
What are the prime factors of 135297?
3, 5011
List the prime factors of 1834532.
2, 7, 65519
List the prime factors of 1932354.
2, 3, 31, 3463
What are the prime factors of 377923?
7, 13, 4153
What are the prime factors of 802476?
2, 3, 22291
What are the prime factors of 10481264?
2, 61, 10739
What are the prime factors of 143977?
143977
List the prime factors of 356176.
2, 113, 197
List the prime factors of 1842238.
2, 157, 5867
List the prime factors of 196249.
443
What are the prime factors of 2982371?
7, 67, 6359
What are the prime factors of 98826?
2, 3, 7, 13, 181
List the prime factors of 240229.
11, 21839
What are the prime factors of 2209203?
3, 41, 5987
What are the prime factors of 196653?
3, 65551
List the prime factors of 753704.
2, 7, 43, 313
What are the prime factors of 486975?
3, 5, 43, 151
What are the prime factors of 6043877?
7, 163, 5297
What are the prime factors of 24131?
59, 409
List the prime factors of 288868.
2, 257, 281
What are the prime factors of 429039?
3, 13, 19, 193
List the prime factors of 6658736.
2, 7, 59453
What are the prime factors of 742487?
29, 25603
What are the prime factors of 21365500?
2, 5, 13, 19, 173
List the prime factors of 485927.
13, 37379
List the prime factors of 66430.
2, 5, 7, 13, 73
List the prime factors of 3913047.
3, 434783
List the prime factors of 169382.
2, 84691
What are the prime factors of 1403433?
3, 59, 881
List the prime factors of 1552184.
2, 251, 773
What are the prime factors of 807872?
2, 13, 971
List the prime factors of 1816024.
2, 7, 32429
List the prime factors of 751475.
5, 30059
What are the prime factors of 1364448?
2, 3, 61, 233
List the prime factors of 5776488.
2, 3, 47, 569
What are the prime factors of 31368373?
19, 31, 2803
List the prime factors of 496373.
107, 4639
List the prime factors of 356337.
3, 17, 137
What are the prime factors of 69339?
3, 29, 797
List the prime factors of 30799725.
3, 5, 11, 37, 1009
What are the prime factors of 19364?
2, 47, 103
What are the prime factors of 455986?
2, 227993
List the prime factors of 6664.
2, 7, 17
What are the prime factors of 10726026?
2, 3, 797, 2243
List the prime factors of 7198660.
2, 5, 7, 51419
What are the prime factors of 364055?
5, 17, 4283
List the prime factors of 193651.
197, 983
List the prime factors of 471909.
3, 157303
What are the prime factors of 1614346?
2, 139, 5807
List the prime factors of 285468.
2, 3, 23789
List the prime factors of 7582.
2, 17, 223
What are the prime factors of 20068821?
3, 53, 42073
What are the prime factors of 71121?
3, 151, 157
What are the prime factors of 430462?
2, 101, 2131
List the prime factors of 24142647.
3, 977, 8237
What are the prime factors of 7966493?
7966493
What are the prime factors of 271486?
2, 135743
What are the prime factors of 118270?
2, 5, 11827
What are the prime factors of 2093082?
2, 3, 199, 1753
List the prime factors of 25495.
5, 5099
What are the prime factors of 116578?
2, 7, 11, 757
List the prime factors of 1169156.
2, 41, 7129
List the prime factors of 23958593.
17, 1409329
What are the prime factors of 2855685?
3, 5, 7, 27197
List the prime factors of 364204.
2, 83, 1097
What are the prime factors of 773751?
3, 11, 23447
List the prime factors of 13696982.
2, 13, 97, 5431
What are the prime factors of 1516243?
1516243
What are the prime factors of 13017498?
2, 3, 13, 157, 1063
What are the prime factors of 246924?
2, 3, 19
What are the prime factors of 2679365?
5, 13, 41221
What are the prime factors of 47924?
2, 11981
What are the prime factors of 132060?
2, 3, 5, 31, 71
What are the prime factors of 2924776?
2, 37, 41, 241
What are the prime factors of 5071382?
2, 2535691
What are the prime factors of 444262?
2, 7, 13, 2441
List the prime factors of 10234.
2, 7, 17, 43
What are the prime factors of 1452445?
5, 290489
List the prime factors of 1855956.
2, 3, 211, 733
What are the prime factors of 282445?
5, 56489
What are the prime factors of 322352?
2, 20147
What are the prime factors of 612331?
612331
List the prime factors of 1816415.
5, 29, 12527
List the prime factors of 6023410.
2, 5, 602341
List the prime factors of 433257.
3, 11, 19, 691
List the prime factors of 11452983.
3, 313, 12197
What are the prime factors of 930883?
37, 139, 181
What are the prime factors of 121928?
2, 15241
List the prime factors of 44549.
44549
List the prime factors of 273214.
2, 136607
List the prime factors of 12405420.
2, 3, 5, 22973
List the prime factors of 1137339.
3, 7, 2579
List the prime factors of 197855.
5, 7, 5653
List the prime factors of 7063.
7, 1009
List the prime factors of 785015.
5, 7, 11, 2039
What are the prime factors of 1149616?
2, 13, 5527
What are the prime factors of 319813?
13, 73, 337
List the prime factors of 13901.
13901
List the prime factors of 5924552.
2, 53, 89, 157
What are the prime factors of 845050?
2, 5, 16901
List the prime factors of 1187119.
109, 10891
List the prime factors of 279155.
5, 31, 1801
What are the prime factors of 11535082?
2, 13, 487, 911
What are the prime factors of 1625960?
2, 5, 7, 5807
List the prime factors of 176050.
2, 5, 7, 503
List the prime f